7 - -26?
272894a2
In base 11, what is -363 - -34187?
33924
In base 3, what is -1 - 11212001020200011?
-11212001020200012
In base 13, what is 142 - -1350?
1492
In base 4, what is 3 - -101321022223?
101321022232
In base 7, what is 11631 - -2500?
14431
In base 7, what is -11333213 - 3?
-11333216
In base 9, what is -23554 - 750?
-24414
In base 14, what is 276a56 + 5?
276a5b
In base 7, what is -2 - 1251326215?
-1251326220
In base 9, what is -32120 + -85?
-32215
In base 13, what is 109bb79 - 13?
109bb66
In base 9, what is -8 - 4603731?
-4603740
In base 9, what is -10 - -1164346?
1164336
In base 2, what is -1001011010 + 110000000010010100?
101111111000111010
In base 5, what is 3 - -14011120031?
14011120034
In base 10, what is -439956457 - -2?
-439956455
In base 14, what is 0 + 159634ab?
159634ab
In base 8, what is 1335 + 12220?
13555
In base 5, what is 13430 + 140142?
204122
In base 2, what is 11100011011111111 - 1000?
11100011011110111
In base 9, what is -17783 + 3025?
-14757
In base 16, what is 179 + -9f5c?
-9de3
In base 7, what is -5 - 3054535350?
-3054535355
In base 16, what is 2 + 2e24e68?
2e24e6a
In base 9, what is 72077 - 108?
71868
In base 2, what is -1000001111011101 + -1111011?
-1000010001011000
In base 15, what is 18078d0 + 11?
18078e1
In base 16, what is 61df - 1467?
4d78
In base 5, what is 2212324 + 11330?
2224204
In base 14, what is 967bb - -929?
97306
In base 11, what is 678a5a + 3?
678a62
In base 2, what is 101110111000 - -1010101100?
111001100100
In base 6, what is -4554024 - 4?
-4554032
In base 7, what is 2022 + -6223316?
-6221264
In base 7, what is 510354546 + 4?
510354553
In base 14, what is 17aa6d1 + 3?
17aa6d4
In base 13, what is -27 + -1cca2b?
-1cca55
In base 14, what is -606b201 + -5?
-606b206
In base 14, what is -2b - 28178?
-281a5
In base 6, what is -202324 + -13354?
-220122
In base 2, what is -10001010000001 - -100110000111?
-1100011111010
In base 4, what is -21 - -1030200230?
1030200203
In base 2, what is 10110 + -11010111001111101010?
-11010111001111010100
In base 15, what is 6218 - 42?
61c6
In base 3, what is 21100 - -201120001011?
201120022111
In base 16, what is 26ab4 + 9f?
26b53
In base 3, what is -1210022111101 - 2110?
-1210022120211
In base 14, what is -3 + -cd1783?
-cd1786
In base 11, what is 1 - 8834717?
-8834716
In base 15, what is -4194d2 + 3?
-4194ce
In base 14, what is -5 - 10c8636?
-10c863b
In base 16, what is -6507 + 33?
-64d4
In base 11, what is 0 - 1457473?
-1457473
In base 12, what is -19 - 20169980?
-20169999
In base 15, what is 1b2 + a?
1bc
In base 7, what is 4 - -466336231?
466336235
In base 7, what is 14 - 3602000?
-3601653
In base 7, what is -466 - 64041414?
-64042213
In base 5, what is -112431131 - 24?
-112431210
In base 2, what is -100 - 1111101110101101110000?
-1111101110101101110100
In base 8, what is 1203237111 + -3?
1203237106
In base 10, what is -8421284 + 0?
-8421284
In base 15, what is -e9be5 + 20?
-e9bc5
In base 15, what is 10 - -21022a?
21023a
In base 9, what is 4 + -57253437?
-57253433
In base 16, what is -9 - -15263a?
152631
In base 4, what is 20113112211 - -11?
20113112222
In base 16, what is -2e775 - -1218?
-2d55d
In base 2, what is -100 + -1011111101000110011110?
-1011111101000110100010
In base 9, what is 48 - 1370884?
-1370835
In base 8, what is 225721 - 32?
225667
In base 3, what is 10 - -10110010010021202?
10110010010021212
In base 8, what is -521157 - 1751?
-523130
In base 15, what is 13e - -a871?
a9b0
In base 12, what is -10860 - -a1a5?
-2677
In base 11, what is 29a008 - -7?
29a014
In base 16, what is -6eb62 + 5f?
-6eb03
In base 7, what is 564 - -35566343?
35600240
In base 6, what is 425525 - 30200?
355325
In base 5, what is -13342434 + -10330?
-13403314
In base 10, what is -2 + 7379715?
7379713
In base 6, what is -101115220 + 2?
-101115214
In base 8, what is 531 - 503374?
-502643
In base 16, what is -2 - 14d135?
-14d137
In base 6, what is -212032405 - 11?
-212032420
In base 2, what is -1011110011010000 - 1011101000010?
-1101010000010010
In base 15, what is -3ed54 - -25?
-3ed2e
In base 15, what is -6d0e8a + -1?
-6d0e8b
In base 7, what is 261034 - 462?
260242
In base 5, what is -23444244 + 1?
-23444243
In base 8, what is 2020 + -30255?
-26235
In base 7, what is 21540224 + -113?
21540111
In base 13, what is -17835267 - -3?
-17835264
In base 13, what is -6 - 897548?
-897551
In base 12, what is -28 + 25b1352?
25b1326
In base 10, what is -50 + 2443963?
2443913
In base 16, what is 204 - -189d26?
189f2a
In base 7, what is -106133 + 162?
-105641
In base 9, what is -32331351 + 5?
-32331345
In base 6, what is 1325 - -315?
2044
In base 6, what is -350441530 - -3?
-350441523
In base 13, what is -4 + -146cb29?
-146cb30
In base 16, what is -f - 1932b?
-1933a
In base 4, what is -3 - -13130221123?
13130221120
In base 5, what is 121421 - -340322?
1012243
In base 15, what is -26908 - 1479?
-27d82
In base 15, what is 1494b8 + -1a8?
149310
In base 4, what is -313331111 - -331?
-313330120
In base 8, what is 1 - -10252452?
10252453
In base 2, what is -110010010011111110000 + 11010010?
-110010010011100011110
In base 6, what is 4 + -34511411?
-34511403
In base 6, what is 4 + -1514142?
-1514134
In base 6, what is -55312302 - 242?
-55312544
In base 11, what is -133 - -100217?
100094
In base 11, what is -aa6a - -1778?
-92a2
In base 4, what is -3 - 222132001011?
-222132001020
In base 12, what is -720 + a4?
-638
In base 8, what is 27323174 - -64?
27323260
In base 12, what is 421089865 + 4?
421089869
In base 13, what is 1a567 + a0?
1a637
In base 13, what is -4 + 47a258?
47a254
In base 8, what is 22 - -25567436?
25567460
In base 6, what is -4155 - 13435?
-22034
In base 6, what is -2412234 - -25015?
-2343215
In base 6, what is -1503244524 - -141?
-1503244343
In base 9, what is -477368 + 144?
-477224
In base 11, what is 387a + 13159?
16a28
In base 11, what is -4151 + 7064?
2a13
In base 2, what is -100100001100101010 - 1111?
-100100001100111001
In base 6, what is -121110442 + -34?
-121110520
In base 14, what is -80d + 4970?
4161
In base 12, what is 3 - 12b1440?
-12b1439
In base 9, what is -406 + -682181?
-682587
In base 3, what is -120001020211 - -2120?
-120001011021
In base 13, what is -354974 - 55?
-3549c9
In base 7, what is 241314 + 10366?
252013
In base 16, what is -2 + 1154e95?
1154e93
In base 15, what is -20ca1630 + 0?
-20ca1630
In base 3, what is 11022 + -1022001220222?
-1022001202200
In base 14, what is -23 + 7995?
7972
In base 4, what is -10032001010011 + 10?
-10032001010001
In base 2, what is -10010101010111000101111110101 + 11?
-10010101010111000101111110010
In base 12, what is 757 - -385818?
386373
In base 6, what is -11425332 - 24?
-11425400
In base 11, what is -4 + -477a2a?
-477a33
In base 4, what is -332330303131111 - -3?
-332330303131102
In base 13, what is -14395 - c11b?
-234b3
In base 15, what is 92 + -4ad5?
-4a43
In base 15, what is b + 5640e?
5641a
In base 11, what is -3a526357 - -3?
-3a526354
In base 3, what is -2012020212202210010 - 11?
-2012020212202210021
In base 7, what is 3 + 314245125?
314245131
In base 9, what is -743483 + -4?
-743487
In base 8, what is 164210 + 500?
164710
In base 3, what is 1020101111110 + 110?
1020101111220
In base 10, what is 238 + 56540?
56778
In base 15, what is 354 - -1141?
1495
In base 13, what is 7 + 3c57239?
3c57243
In base 13, what is 6 + 2057866?
205786c
In base 11, what is -39968a - 32?
-399711
In base 15, what is -b2657 - -d?
-b2649
In base 9, what is 2 - -60845177?
60845180
In base 5, what is 422342003 + -1031?
422340422
In base 15, what is 5aa + -1304?
-c49
In base 2, what is 100000011110111011 + -1000000110?
100000010110110101
In base 3, what is 1110102112022 + -211?
1110102111111
In base 11, what is 24015527 + 0?
24015527
In base 2, what is 1000001111011100010110100 - 10?
1000001111011100010110010
In base 7, what is 3 - 112046223?
-112046220
In base 8, what is -3243252 - 41?
-3243313
In base 16, what is 26 + 426283?
4262a9
In base 14, what is 84b - 11b6?
-769
In base 11, what is -1 + 31a802?
31a801
In base 6, what is -105512352 + 1233?
-105511115
In base 2, what is -11011111111 + -10101101001101?
-11001001001100
In base 3, what is 11012212110 + 12212101?
11102201211
In base 14, what is 8a99 + 1762?
a41b
In base 15, what is 2393171 - -1?
2393172
I